igit of (2/11)/(11/660902)?
9
Suppose 5*q - 10 = 10*q. Let v be 0 + q + 4 + -2. Suppose v*n + 90 = n. What is the tens digit of n?
9
Let g(y) = 50*y**2 + 66*y + 190. What is the tens digit of g(30)?
7
Suppose 7 = -j - 2*p, -4*j - 4 = 4*p + 4. Let y be 6 - 6/((-18)/39). Suppose 0 = f - y + j. What is the tens digit of f?
1
Let o(p) = 261*p - 3817. What is the thousands digit of o(52)?
9
Let t = 2547 + 9673. What is the ten thousands digit of t?
1
Let o(l) = 6*l**2 - l + 2. Let f be o(1). Let z = 9 - f. Suppose z*p - 2*h = -7*h + 128, -2*h = -5*p + 320. What is the units digit of p?
4
Suppose -125*t - 308*t = -116*t - 18610119. What is the units digit of t?
7
Let u(a) be the second derivative of 2*a**4/3 - 7*a**3/6 - 15*a**2/2 + 41*a. What is the tens digit of u(-3)?
7
Let p(d) = d**2 - d + 12. Let w(v) = -25*v + 3 + 7*v + 6*v + 14*v. Let h be w(-5). What is the tens digit of p(h)?
6
Let q = 38 + -28. Suppose -4 = -12*g + q*g. Suppose 3*i = -g*r + 256 + 76, 0 = 2*i - 4*r - 216. What is the units digit of i?
0
Let o(p) = p**3 + 15*p**2 + 1. Let r be o(-15). Let y be r - 2 - (-15)/5. Suppose -3*q + 98 = y*v, 4*v = q + 5*v - 34. What is the units digit of q?
0
Let f = -37 - -9. What is the tens digit of (-6)/(-14) - (-1000)/f*-12?
2
Let t = 14 + -10. Let c(z) = z. Let b be c(t). Suppose -3*u + 139 - 24 = d, 2*d + b*u = 222. What is the hundreds digit of d?
1
Suppose -4*m + 53562 = 5*i, 66971 = 5*m + 41*i - 44*i. What is the tens digit of m?
9
Let o(z) = 6*z - 4. Suppose -d = 5*c + 8, -d - c - 32 = 3*d. Let j(l) = -l**2 - 10*l - 4. Let m be j(d). What is the tens digit of o(m)?
6
Let p(h) = -h**3 - 1. Let b(w) = 2*w**3 - 4*w**2 - 10. Let f(t) = b(t) - 3*p(t). What is the tens digit of f(4)?
4
Let a = 35982 + -27911. What is the units digit of a?
1
Let f(d) = 41*d**2 - 30*d + 76. What is the thousands digit of f(-11)?
5
Suppose 2156*j - 2160*j + 53740 = 5*w, -2*j + 42986 = 4*w. What is the ten thousands digit of w?
1
Suppose 42 - 15 = 5*i + 2*q, -5*i - 4*q + 29 = 0. Suppose -a - 4*a + 20 = 0, 5*a = i*y - 2805. What is the tens digit of y?
6
Let c be (11 + -17)/(5 + -6). What is the tens digit of (-26)/(-156) + -1*(-3449)/c?
7
Suppose -5*y + 20 = -p, 5*p = -3*y + 2*p + 30. Suppose -10 = 3*q + 2*s, 5*q + y*s + 35 = 10. Suppose q = 3*d + 11 - 314. What is the tens digit of d?
0
Suppose -11*i + 11 + 22 = 0. Let a = -7 + i. What is the tens digit of 142/((-8)/a) - (1 + -4)?
7
Suppose 7*r - 40 = 2*r. Let y be 3/(-3) + 57 + -7. Suppose r*d - y = 287. What is the units digit of d?
2
Suppose 4*j + 2*g = 6215 + 24179, -3*j - 3*g = -22785. What is the hundreds digit of j?
6
Let u(q) = -1674*q - 18. Let a(c) = 558*c + 5. Let l(g) = 16*a(g) + 5*u(g). What is the hundreds digit of l(3)?
6
Let x = -7552 + 14882. What is the hundreds digit of x?
3
Let h = -56 + 59. Suppose h*i = 4*b + 194, -2*i - 3*b + 120 = -b. Suppose 2*d - i = 3*f, 3*d + 43 = -f + 114. What is the units digit of d?
5
What is the tens digit of 62325/65 + (-10)/(-26)*12/30?
5
Let a = 141 - 75. Let v = 155 + a. What is the tens digit of v?
2
Let s be (54/36)/((-1)/(-4)). Suppose -1872 = -s*d - 2*d. Suppose -5*r = 15, -3*u + 4*r = -0*r - d. What is the units digit of u?
4
Suppose -570 = -417*f + 412*f. Suppose f = -5*v + 264. What is the units digit of v?
0
Let a be 16/36 - (-96)/27. Let m = 12 + -10. Suppose 3*q - 2*t - 25 = 0, m*t - a*t = 5*q - 15. What is the units digit of q?
5
Suppose 2*l - 225 = -3*l. Suppose -8*w = 13*w - 63. Suppose -l = -w*u + 285. What is the hundreds digit of u?
1
Suppose -74926 = 46*k - 926340. What is the units digit of k?
9
Suppose 5*v - 2*r - 145562 = 252349, 3*v = 7*r + 238735. What is the tens digit of v?
8
Suppose -2*p - 375*x + 378*x + 6101 = 0, -5*x = -5*p + 15255. What is the tens digit of p?
5
Suppose 3*y = 3*q - 8*q + 2842, 4*q = 3*y + 2279. Suppose 4*x = -5*c + 701, -2*c - q = -6*c + 5*x. What is the hundreds digit of c?
1
Suppose 4*d - 31 = -5*m, -24 - 17 = -4*d - 3*m. Let x(p) = -4 + d - 10 - 5*p. What is the tens digit of x(-7)?
3
Suppose 0*d + 280682 = 21*d - 157861. What is the hundreds digit of d?
8
Let k = 7717 - 2618. What is the tens digit of k?
9
Suppose 1032 = 2*b + 2*i + 144, 0 = -2*b + 4*i + 912. Suppose 33*s - b = 32*s. What is the units digit of s?
8
Let t be 2/12*12*(-5)/(-10). Suppose -2*k - t = -7. Suppose -2*r = 5*i - 295, -k*i - 5*r = 2*i - 310. What is the units digit of i?
7
Let o = -9 + 3. What is the units digit of 1/(o*(-5)/8250)?
5
Let v be (1 + -2)/((-8)/(-16)). What is the units digit of 10*1/v + 522?
7
Let u(w) = -968*w**3 - 7*w**2 - 8*w - 4. What is the tens digit of u(-2)?
2
Let u(s) = -600*s - 11. Let y be u(1). What is the units digit of y/3*(5 - 8)?
1
Let q(z) = 4*z - 29. Let l be q(6). Let x(h) = -2*h**3 - h**2 - 8*h - 37. What is the hundreds digit of x(l)?
2
Let z(q) = 6*q**3 - q**2 - 4*q - 3. Let n be z(-2). Let m = 54 + n. Suppose m*v + 78 = 841. What is the units digit of v?
9
Let n = -67 - -126. Suppose 66*o = n*o + 3402. What is the hundreds digit of o?
4
Let y be (6/((-2)/(-1)))/((-3)/(-16)). Suppose -2 = -4*h + u + y, -h - 2*u = 0. What is the units digit of 111 + -4 + h + 3?
4
Let s(v) = 39*v - 40. Let m(n) = 77*n - 81. Let p(k) = 6*m(k) - 11*s(k). What is the tens digit of p(7)?
8
Let g(r) = -r**3 - 9*r**2 + 34*r - 18. Let c be g(-12). Suppose 0 = b + c*y - 2*y - 454, 0 = 4*b - 2*y - 1744. What is the hundreds digit of b?
4
Let i(m) = 3*m**2 - 84*m + 18. What is the hundreds digit of i(52)?
7
Suppose -j - 2*g = 12, 0 = -5*j - g - 2*g - 74. Let c(k) = k**3 + 16*k**2 - 22*k + 4. What is the tens digit of c(j)?
5
Suppose -7*p + 3180 = -3*p. Let v = p - 273. Let k = -263 + v. What is the tens digit of k?
5
Let x(b) = -4*b + 12. Let a be x(-2). Suppose 3*r + 6052 = a*r. Suppose -267 - 178 = -5*i - 4*c, -4*i + r = 5*c. What is the tens digit of i?
8
Let y(u) be the third derivative of u**7/720 - u**6/48 - 11*u**5/15 + 43*u**2. Let z(i) be the third derivative of y(i). What is the tens digit of z(8)?
4
Let p be 27428/21 + 1 + (-4)/42. Let a = p + -802. What is the units digit of a?
5
Suppose 185*a - 15*a - 3721025 = -5*a. What is the thousands digit of a?
1
Let x(r) = 3*r - 1. Let u be x(1). Suppose d + y = 3, -4*d + 5 = u*y - 5. What is the tens digit of ((2 - d) + -54)*(-1)/2?
2
Let y(c) be the second derivative of -25*c**3/3 - c**2 - 7*c. Let i be y(1). Let g = i - -148. What is the tens digit of g?
9
Let s(m) = m**3 + 2*m**2 + 5*m + 14. Let l be s(-6). Let d(v) = -v + 66. Let h be d(7). Let u = h - l. What is the hundreds digit of u?
2
Suppose 4*t - k = 31836, -4*t + 29119 = -4*k - 2717. What is the tens digit of t?
5
Let o(s) = -2*s - 6. Let r be o(-5). Suppose -2*p = -4, 2*p = -4*b + r*p - 328. Let i = b + 168. What is the tens digit of i?
8
Let u(s) = 193*s**2 - 50*s - 1058. What is the thousands digit of u(-15)?
3
Suppose -u + 2*o + 20 + 17 = 0, 5*o = 4*u - 154. Suppose u*b = 44*b - 3*m - 786, b - 4*m = 268. What is the units digit of b?
0
Let o(j) = -3*j**3 - 3*j**2 - j + 2. Let k(i) = -6*i - 15. Let h be k(-3). Suppose -l + 4*v = 13 + 1, -3*l - 3*v + h = 0. What is the tens digit of o(l)?
1
Suppose -18*o + 5*o + 47797 = -41097. What is the units digit of o?
8
Let v = 317 - 302. What is the units digit of 1070 + (-7)/21*v?
5
Suppose -5*a = 2*y - 154, -3*a + 3*y = 14 - 119. Suppose 27*w + 20 = a*w. Suppose 184 = w*u - 44. What is the tens digit of u?
5
Suppose 7445 = 30*x - 29*x. What is the units digit of x?
5
Suppose -22*i + 106*i - 115584 = 0. What is the units digit of i?
6
Suppose -611 = 8*v - 2051. Let d = -39 + v. What is the hundreds digit of d?
1
Let l(c) = -79*c - 134. Let y be l(-29). Let j = y - 1517. What is the tens digit of j?
4
Let w be (-21)/(-2) - (105/10)/(-7). Let q be ((-14)/(-4) - 5)/(2/w). What is the tens digit of 5/15 - 87/q?
1
Let m = -4423 - -4832. What is the tens digit of m?
0
Let h be (-14)/((-2)/1) - (-1 - -6). What is the tens digit of (231 - -27)*h/4?
2
What is the tens digit of 10/6 + (-727766)/(-78)?
3
Let k = 106 + -80. Let b = -22 + k. Suppose 3*g - b*q = 449, 795 = 5*g - 2*q + 7*q. What is the units digit of g?
5
Suppose d = -c - 6*d + 1478, 2*d + 1451 = c. What is the units digit of c?
7
Suppose -d + 0*d - 4 = 5*q, -4*d = q - 3. Suppose d - 3 = 2*o, 4694 = 5*z + o. What 